e factors of 256725?
3, 5, 7, 163
List the prime factors of 161235162.
2, 3, 11, 181, 409
What are the prime factors of 1109481850?
2, 5, 257, 86341
List the prime factors of 2036937725.
5, 81477509
What are the prime factors of 272671421?
11, 151, 167, 983
What are the prime factors of 260368744?
2, 32546093
What are the prime factors of 64682159?
64682159
List the prime factors of 13377053.
23, 113, 5147
List the prime factors of 50814661.
47, 1081163
List the prime factors of 5777069518.
2, 11, 37, 569, 12473
List the prime factors of 1660121095.
5, 29, 3067, 3733
List the prime factors of 11906248.
2, 79, 18839
List the prime factors of 63895320.
2, 3, 5, 177487
List the prime factors of 60311627.
60311627
What are the prime factors of 5874172?
2, 1468543
List the prime factors of 392189018.
2, 13, 15084193
List the prime factors of 1340902891.
1340902891
List the prime factors of 106208432.
2, 11, 603457
List the prime factors of 57249710.
2, 5, 7, 17, 48109
What are the prime factors of 82713089?
82713089
What are the prime factors of 671982675?
3, 5, 7, 13, 98459
List the prime factors of 26036609.
311, 83719
What are the prime factors of 2019631819?
41201, 49019
What are the prime factors of 2003385075?
3, 5, 31, 107, 8053
What are the prime factors of 29121025?
5, 1164841
List the prime factors of 149746554.
2, 3, 31, 43, 79
What are the prime factors of 54389533?
11, 19, 197, 1321
List the prime factors of 21519924.
2, 3, 643, 2789
List the prime factors of 9298302.
2, 3, 13, 23, 71, 73
List the prime factors of 512910786.
2, 3, 53, 1612927
List the prime factors of 35337629.
35337629
List the prime factors of 129669324.
2, 3, 29, 372613
List the prime factors of 705014656.
2, 1117, 4931
What are the prime factors of 57590675?
5, 2303627
List the prime factors of 92661765.
3, 5, 7, 19, 46447
List the prime factors of 41862640.
2, 5, 41, 12763
What are the prime factors of 548620684?
2, 1229, 111599
List the prime factors of 308684590.
2, 5, 1489, 20731
What are the prime factors of 3353975?
5, 19, 23, 307
What are the prime factors of 208693609?
2053, 101653
List the prime factors of 117934553.
11, 10721323
What are the prime factors of 1442698280?
2, 5, 36067457
What are the prime factors of 352358800?
2, 5, 19, 71, 653
What are the prime factors of 263357940?
2, 3, 5, 4389299
What are the prime factors of 7055921?
1163, 6067
What are the prime factors of 25134316?
2, 127, 49477
What are the prime factors of 43536987?
3, 13, 71, 1747
List the prime factors of 2026619.
7, 89, 3253
List the prime factors of 2148906254.
2, 11, 97677557
List the prime factors of 46747028.
2, 11686757
List the prime factors of 5168712185.
5, 7, 13, 11359807
What are the prime factors of 625506352?
2, 199, 196453
What are the prime factors of 5123037213?
3, 7, 181, 49919
What are the prime factors of 68128915?
5, 13625783
List the prime factors of 629097441.
3, 7, 29957021
What are the prime factors of 510630449?
7, 72947207
What are the prime factors of 942082154?
2, 13, 36233929
List the prime factors of 132228050.
2, 5, 2644561
What are the prime factors of 741357618?
2, 3, 19, 6503137
List the prime factors of 5664665.
5, 1132933
List the prime factors of 612535821.
3, 204178607
List the prime factors of 1790160606.
2, 3, 13, 43, 177913
What are the prime factors of 1025184860?
2, 5, 7, 191, 5477
What are the prime factors of 55171212?
2, 3, 19, 241979
What are the prime factors of 214354839?
3, 71451613
List the prime factors of 41396403.
3, 659, 20939
What are the prime factors of 4706658444?
2, 3, 71, 97, 56951
What are the prime factors of 8700207?
3, 2900069
List the prime factors of 940463038.
2, 887, 530137
What are the prime factors of 387412231?
59, 6566309
What are the prime factors of 262776885?
3, 5, 7, 2502637
What are the prime factors of 32802728?
2, 7, 491, 1193
List the prime factors of 505757587.
463, 1092349
List the prime factors of 39296382.
2, 3, 233, 28109
What are the prime factors of 180428416?
2, 7, 79, 2549
List the prime factors of 384963619.
61, 6310879
List the prime factors of 266620749.
3, 19, 149, 31393
What are the prime factors of 135725145?
3, 5, 9048343
List the prime factors of 22521294.
2, 3, 17, 24533
What are the prime factors of 1619012803?
23, 70391861
List the prime factors of 253309940.
2, 5, 13, 974269
What are the prime factors of 928079425?
5, 7, 13, 407947
List the prime factors of 37562846.
2, 18781423
What are the prime factors of 652554173?
4817, 135469
List the prime factors of 1241734960.
2, 5, 15521687
What are the prime factors of 2452359118?
2, 11, 111470869
What are the prime factors of 143219315?
5, 28643863
What are the prime factors of 746593417?
15083, 49499
List the prime factors of 421516301.
421516301
What are the prime factors of 60626422?
2, 769, 39419
List the prime factors of 35710054.
2, 79, 226013
What are the prime factors of 5995933470?
2, 3, 5, 509, 14543
What are the prime factors of 20054885?
5, 4010977
List the prime factors of 382943107.
257, 1490051
What are the prime factors of 11053166?
2, 5526583
What are the prime factors of 16974757?
1447, 11731
What are the prime factors of 286631904?
2, 3, 13, 241, 953
List the prime factors of 301617338.
2, 11, 821, 16699
List the prime factors of 62862793.
7, 1171, 7669
What are the prime factors of 3225988423?
7, 460855489
List the prime factors of 581609801.
83, 7007347
What are the prime factors of 6559626?
2, 3, 29, 37699
List the prime factors of 5501825.
5, 7, 149, 211
List the prime factors of 703731134.
2, 41, 2239, 3833
List the prime factors of 136890293.
853, 160481
List the prime factors of 2021743259.
859, 2353601
List the prime factors of 426610172.
2, 17, 67, 93637
What are the prime factors of 375277290?
2, 3, 5, 12509243
List the prime factors of 588777215.
5, 13, 9058111
List the prime factors of 16995968.
2, 11, 12071
What are the prime factors of 54868990?
2, 5, 11, 73, 6833
List the prime factors of 979218572.
2, 244804643
List the prime factors of 120833575.
5, 29, 166667
List the prime factors of 576123477.
3, 479, 587, 683
What are the prime factors of 56402280?
2, 3, 5, 11, 14243
What are the prime factors of 16835711?
631, 26681
What are the prime factors of 105765298?
2, 52882649
What are the prime factors of 174206278?
2, 23, 1399, 2707
List the prime factors of 24316913.
67, 5417
List the prime factors of 235395827.
107, 2199961
What are the prime factors of 335152518?
2, 3, 17, 71, 46279
List the prime factors of 136769120.
2, 5, 854807
What are the prime factors of 44101697?
44101697
List the prime factors of 9741672.
2, 3, 135301
List the prime factors of 397919217.
3, 113, 1173803
List the prime factors of 470904395.
5, 13, 43, 168481
List the prime factors of 184515843.
3, 47, 53, 24691
List the prime factors of 66997593.
3, 13, 572629
List the prime factors of 549465102.
2, 3, 30525839
List the prime factors of 63430158.
2, 3, 11, 961063
List the prime factors of 45179917.
45179917
List the prime factors of 1901906314.
2, 7, 11, 17, 211, 313
What are the prime factors of 517234979?
17, 449, 67763
List the prime factors of 152146428.
2, 3, 7, 181, 10007
List the prime factors of 2772704147.
2772704147
List the prime factors of 527831345.
5, 105566269
List the prime factors of 29031028.
2, 13, 558289
What are the prime factors of 3559124440?
2, 5, 88978111
What are the prime factors of 70224216?
2, 3, 157, 18637
What are the prime factors of 428687763?
3, 7, 20413703
List the prime factors of 45493988.
2, 31, 181, 2027
List the prime factors of 260791396.
2, 65197849
List the prime factors of 5230827699.
3, 17, 19, 5398171
List the prime factors of 185209075.
5, 7408363
What are the prime factors of 210391202?
2, 7, 947, 2267
List the prime factors of 50856446.
2, 1409, 18047
List the prime factors of 48409684.
2, 41, 229, 1289
List the prime factors of 121914719.
1031, 118249
What are the prime factors of 1001624545?
5, 200324909
What are the prime factors of 218648393?
751, 291143
List the prime factors of 3125368566.
2, 3, 4289, 40483
What are the prime factors of 117571881?
3, 7, 17, 329333
What are the prime factors of 2736228295?
5, 317, 1726327
What are the prime factors of 671905490?
2,